{"id":1038,"date":"2018-08-08T10:57:05","date_gmt":"2018-08-08T10:57:05","guid":{"rendered":"http:\/\/www.bingocasteloreal.es\/?page_id=1038"},"modified":"2026-04-21T09:20:18","modified_gmt":"2026-04-21T09:20:18","slug":"sports-eventos","status":"publish","type":"page","link":"https:\/\/www.bingocasteloreal.es\/?page_id=1038","title":{"rendered":"SPORTS BAR"},"content":{"rendered":"<p><span style=\"color: #ff9900;\">Un lugar de encuentro con 400 m2 para disfrutar de experiencias memorables, de forma creativa, con grandes dosis de emoci\u00f3n y diversi\u00f3n. Descubre nuestro Sports Bar a trav\u00e9s de nuestras <strong>retransmisiones deportivas<\/strong>, <strong>eventos deportivos<\/strong>, <strong>eventos sociales<\/strong>, <strong>eventos empresariales<\/strong> y una novedosa <strong>Gaming Area<\/strong>. Adem\u00e1s contamos con una <strong>gastronom\u00eda<\/strong> elaborada a tu gusto.<\/span><\/p>\n<p><a href=\"https:\/\/www.bingocasteloreal.es\/wp-content\/uploads\/2021\/12\/SPORTBARBARRA-scaled.jpg\"><img loading=\"lazy\" class=\"alignnone size-full wp-image-1551\" src=\"https:\/\/www.bingocasteloreal.es\/wp-content\/uploads\/2021\/12\/SPORTBARBARRA-scaled.jpg\" alt=\"\" width=\"2560\" height=\"1707\" srcset=\"https:\/\/www.bingocasteloreal.es\/wp-content\/uploads\/2021\/12\/SPORTBARBARRA-scaled.jpg 2560w, https:\/\/www.bingocasteloreal.es\/wp-content\/uploads\/2021\/12\/SPORTBARBARRA-300x200.jpg 300w, https:\/\/www.bingocasteloreal.es\/wp-content\/uploads\/2021\/12\/SPORTBARBARRA-1024x683.jpg 1024w, https:\/\/www.bingocasteloreal.es\/wp-content\/uploads\/2021\/12\/SPORTBARBARRA-768x512.jpg 768w, https:\/\/www.bingocasteloreal.es\/wp-content\/uploads\/2021\/12\/SPORTBARBARRA-1536x1024.jpg 1536w, https:\/\/www.bingocasteloreal.es\/wp-content\/uploads\/2021\/12\/SPORTBARBARRA-2048x1365.jpg 2048w\" sizes=\"(max-width: 2560px) 100vw, 2560px\" \/><\/a><\/p>\n<p><span style=\"color: #993300;\"><strong>GASTRONOM\u00cdA<\/strong><\/span><\/p>\n<p><span style=\"color: #ff9900;\">Puedes disfrutar de nuestros desayunos con una gran variedad en boller\u00eda, quesos, embutidos, yogures y un sabroso zumo de naranja natural a lo que se une una \u00a0variada carta de restauraci\u00f3n, para que puedas escoger entre lo mejor de la cocina tradicional, sencilla y bien preparada, que ofrecemos a diario, tanto a \u00a0la hora de comer como de cenar.<\/span><\/p>\n<p><span style=\"color: #ff9900;\"><strong>Tapas:<\/strong> tortilla, croquetas, zorza, calamares, jam\u00f3n asado y empanada.<\/span><\/p>\n<p><span style=\"color: #ff9900;\"><strong>Ensaladas:<\/strong> mixta, completa, tropical, mediterr\u00e1nea y Castelo Real.<\/span><\/p>\n<p><span style=\"color: #ff9900;\"><strong>Bocadillos:<\/strong> lomo, beicon, pollo, vegetal y Castelo Real.<\/span><\/p>\n<p><span style=\"color: #ff9900;\"><strong>Sandwiches:<\/strong> \u00a0marinero, vegetal y Castelo Real.<\/span><\/p>\n<p><span style=\"color: #ff9900;\"><strong>Tablas:<\/strong> mixta, ib\u00e9ricos, quesos y Castelo Real.<\/span><\/p>\n<p><span style=\"color: #ff9900;\"><strong>Combinados:<\/strong> pollo, huevos fritos, lomo, filete, merluza, milanesa y zorza.<\/span><\/p>\n<p><span style=\"color: #ff9900;\"><strong>Men\u00fa del d\u00eda:<\/strong> primero y segundo + postre + caf\u00e9.<\/span><\/p>\n<p><span style=\"color: #993300;\"><strong>TERRAZA<\/strong><\/span><\/p>\n<p><span style=\"color: #ff9900;\"><span style=\"caret-color: #ff9900;\">Ubicada en la fachada principal, es un espacio ideal para disfrutar tomando de una copa o en compa\u00f1\u00eda de tus amigos.<\/span><\/span><\/p>\n<p><a href=\"https:\/\/www.bingocasteloreal.es\/wp-content\/uploads\/2024\/09\/IMG_0154-copia-scaled.jpg\"><img loading=\"lazy\" class=\"alignnone size-full wp-image-1785\" src=\"https:\/\/www.bingocasteloreal.es\/wp-content\/uploads\/2024\/09\/IMG_0154-copia-scaled.jpg\" alt=\"\" width=\"2511\" height=\"2560\" srcset=\"https:\/\/www.bingocasteloreal.es\/wp-content\/uploads\/2024\/09\/IMG_0154-copia-scaled.jpg 2511w, https:\/\/www.bingocasteloreal.es\/wp-content\/uploads\/2024\/09\/IMG_0154-copia-294x300.jpg 294w, https:\/\/www.bingocasteloreal.es\/wp-content\/uploads\/2024\/09\/IMG_0154-copia-1004x1024.jpg 1004w, https:\/\/www.bingocasteloreal.es\/wp-content\/uploads\/2024\/09\/IMG_0154-copia-768x783.jpg 768w, https:\/\/www.bingocasteloreal.es\/wp-content\/uploads\/2024\/09\/IMG_0154-copia-1507x1536.jpg 1507w, https:\/\/www.bingocasteloreal.es\/wp-content\/uploads\/2024\/09\/IMG_0154-copia-2009x2048.jpg 2009w\" sizes=\"(max-width: 2511px) 100vw, 2511px\" \/><\/a><\/p>\n<p><span style=\"color: #993300;\"><strong>RETRANSMISIONES DEPORTIVAS<\/strong><\/span><\/p>\n<p><a href=\"https:\/\/www.bingocasteloreal.es\/wp-content\/uploads\/2021\/12\/PROYECTORES-scaled.jpg\"><img loading=\"lazy\" class=\"alignnone size-full wp-image-1555\" src=\"https:\/\/www.bingocasteloreal.es\/wp-content\/uploads\/2021\/12\/PROYECTORES-scaled.jpg\" alt=\"\" width=\"2560\" height=\"1707\" srcset=\"https:\/\/www.bingocasteloreal.es\/wp-content\/uploads\/2021\/12\/PROYECTORES-scaled.jpg 2560w, https:\/\/www.bingocasteloreal.es\/wp-content\/uploads\/2021\/12\/PROYECTORES-300x200.jpg 300w, https:\/\/www.bingocasteloreal.es\/wp-content\/uploads\/2021\/12\/PROYECTORES-1024x683.jpg 1024w, https:\/\/www.bingocasteloreal.es\/wp-content\/uploads\/2021\/12\/PROYECTORES-768x512.jpg 768w, https:\/\/www.bingocasteloreal.es\/wp-content\/uploads\/2021\/12\/PROYECTORES-1536x1024.jpg 1536w, https:\/\/www.bingocasteloreal.es\/wp-content\/uploads\/2021\/12\/PROYECTORES-2048x1365.jpg 2048w\" sizes=\"(max-width: 2560px) 100vw, 2560px\" \/><\/a><\/p>\n<p><span style=\"color: #ff9900;\">VIVE TODA LA EMOCI\u00d3N DEL DEPORTE<\/span><\/p>\n<p><span style=\"color: #ff9900;\">Retransmitimos la oferta m\u00e1s amplia de TV de deporte a trav\u00e9s de Movistar+ y DAZN. <\/span><\/p>\n<p><span style=\"color: #ff9900;\">Disfruta de las mejores competiciones del mundo:<\/span><\/p>\n<p><span style=\"color: #ff9900;\"><strong>Automovilismo:<\/strong> Mundial de F\u00f3rmula 1, Mundial de Rallies (WRC), Rally Dakar, Mundial de Resistencia, 24 horas de Daytona, Indycar, 24 horas de Le Mans.<\/span><\/p>\n<p><span style=\"color: #ff9900;\"><strong>Baloncesto:<\/strong>\u00a0Liga Endesa, Basket FEB, Copa del Rey, Turkish Airlines EuroLeague, EuroCup, Basketball Champions League, Basketball USA (NBA).<\/span><\/p>\n<p><span style=\"color: #ff9900;\"><strong>Ciclismo:<\/strong> Giro de Italia, Tour de Francia y Vuelta a Espa\u00f1a.<\/span><\/p>\n<p><span style=\"color: #ff9900;\"><strong>F\u00fatbol:<\/strong> LaLiga Santander, LaLiga SmartBank, Copa del Rey, Euroliga,\u00a0Premier League inglesa, la Liga de Campeones Femenina (UWCL), la Carabao Cup, La FA Cup, Coppa italia y Copa Libertadores, Bundesliga de Alemania, Serie A italiana, Ligue 1 francesa, UEFA Champions League, UEFA Champions League Femenina y UEFA Europa League.<\/span><\/p>\n<p><span style=\"color: #ff9900;\"><strong>Motociclismo:<\/strong> MotoGP, Mundial de SBK. \u00a0<\/span><\/p>\n<p><a href=\"https:\/\/www.bingocasteloreal.es\/wp-content\/uploads\/2021\/12\/AUDIOVISUALES-scaled.jpg\"><img loading=\"lazy\" class=\"alignnone size-full wp-image-1553\" src=\"https:\/\/www.bingocasteloreal.es\/wp-content\/uploads\/2021\/12\/AUDIOVISUALES-scaled.jpg\" alt=\"\" width=\"2560\" height=\"1707\" srcset=\"https:\/\/www.bingocasteloreal.es\/wp-content\/uploads\/2021\/12\/AUDIOVISUALES-scaled.jpg 2560w, https:\/\/www.bingocasteloreal.es\/wp-content\/uploads\/2021\/12\/AUDIOVISUALES-300x200.jpg 300w, https:\/\/www.bingocasteloreal.es\/wp-content\/uploads\/2021\/12\/AUDIOVISUALES-1024x683.jpg 1024w, https:\/\/www.bingocasteloreal.es\/wp-content\/uploads\/2021\/12\/AUDIOVISUALES-768x512.jpg 768w, https:\/\/www.bingocasteloreal.es\/wp-content\/uploads\/2021\/12\/AUDIOVISUALES-1536x1024.jpg 1536w, https:\/\/www.bingocasteloreal.es\/wp-content\/uploads\/2021\/12\/AUDIOVISUALES-2048x1365.jpg 2048w\" sizes=\"(max-width: 2560px) 100vw, 2560px\" \/><\/a><\/p>\n<p><span style=\"color: #ff9900;\"><strong>Tenis:<\/strong> PGA Tour (con el inicio del Open de Australia hasta el Torneo de Maestros de Londres), Rider Cup , Gran Slam (con Roland Garros, Wimbledon y Open de EE.UU), \u00a0ATP World Tour Masters 1000 y Copa Davis;<\/span><\/p>\n<p><span style=\"color: #ff9900;\"><strong>Otras competiciones:<\/strong>\u00a0partidos de la selecci\u00f3n espa\u00f1ola de f\u00fatbol y baloncesto, final de la Super Bowl americana y cada cuatro a\u00f1os los Juegos Ol\u00edmpicos, \u00a0Mundial de F\u00fatbol, Campeonato Mundial de Baloncesto (FIBA), Copa Am\u00e9rica de f\u00fatbol; adem\u00e1s todos los deportes de invierno y los principales galardones deportivos.<\/span><\/p>\n<p><span style=\"color: #ff9900;\">Nosotros proponemos las retransmisiones de los eventos deportivos m\u00e1s destacados, pero si quer\u00e9is ver uno en concreto o sois seguidores de deportes minoritarios, consulta nuestras condiciones, porque os lo podemos ofrecer.<\/span><\/p>\n<p><span style=\"color: #993300;\"><strong>EVENTOS DEPORTIVOS<\/strong><\/span><\/p>\n<p><span style=\"color: #ff9900;\">Nuestro objetivo no solo es la retransmisi\u00f3n de los grandes eventos deportivos sino tambi\u00e9n el de ofreceros un lugar para la celebraci\u00f3n de vuestros acontecimientos deportivos.<\/span><\/p>\n<p><span style=\"color: #ff9900;\">Ven a celebrar con nosotros la presentaci\u00f3n del equipo, los nuevos fichajes, el fin de temporada, independientemente \u00a0del deporte que practiqu\u00e9is (f\u00fatbol, baloncesto, voleibol, rugby, patinaje, etc.).<\/span><\/p>\n<p><span style=\"color: #ff9900;\">Todo en un lugar \u00fanico con una gran superficie a vuestra disposici\u00f3n, para que nadie se quede fuera, y que podemos configurar a vuestra medida, para que pod\u00e1is celebrar todos vuestros \u00e9xitos como hacen los grandes.<\/span><\/p>\n<p><a href=\"https:\/\/www.bingocasteloreal.es\/wp-content\/uploads\/2026\/04\/SPORTSBAR-F-1-OK.png\"><img loading=\"lazy\" class=\"alignnone size-full wp-image-1851\" src=\"https:\/\/www.bingocasteloreal.es\/wp-content\/uploads\/2026\/04\/SPORTSBAR-F-1-OK.png\" alt=\"\" width=\"1080\" height=\"1080\" srcset=\"https:\/\/www.bingocasteloreal.es\/wp-content\/uploads\/2026\/04\/SPORTSBAR-F-1-OK.png 1080w, https:\/\/www.bingocasteloreal.es\/wp-content\/uploads\/2026\/04\/SPORTSBAR-F-1-OK-300x300.png 300w, https:\/\/www.bingocasteloreal.es\/wp-content\/uploads\/2026\/04\/SPORTSBAR-F-1-OK-1024x1024.png 1024w, https:\/\/www.bingocasteloreal.es\/wp-content\/uploads\/2026\/04\/SPORTSBAR-F-1-OK-150x150.png 150w, https:\/\/www.bingocasteloreal.es\/wp-content\/uploads\/2026\/04\/SPORTSBAR-F-1-OK-768x768.png 768w\" sizes=\"(max-width: 1080px) 100vw, 1080px\" \/><\/a><\/p>\n<p><span style=\"color: #993300;\"><strong>EVENTOS SOCIALES<\/strong><\/span><\/p>\n<p><span style=\"color: #ff9900;\"><strong>Reencuentros<\/strong><\/span><\/p>\n<p><span style=\"color: #ff9900;\">\u00bfHab\u00e9is vuelto a reencontraros los compa\u00f1eros de clase despu\u00e9s de tantos a\u00f1os sin saber unos de otros? Cuantos recuerdos y vivencias tendr\u00e9is que contaros si os reun\u00eds en torno a una mesa, mientras pod\u00e9is ver ese video tan bonito que os trasladar\u00e1 a vuestros a\u00f1os de juventud.<\/span><\/p>\n<p><span style=\"color: #ff9900;\"><strong>Fiestas de Cumplea\u00f1os<\/strong><\/span><\/p>\n<p><span style=\"color: #ff9900;\">Celebra tu fiesta de cumplea\u00f1os con nosotros, porque a partir de cierta edad, \u00a1hay que celebrarlo todo!<\/span><\/p>\n<p><span style=\"color: #ff9900;\"><strong>Celebraciones<\/strong><\/span><\/p>\n<p><span style=\"color: #ff9900;\">Cualquier momento es bueno para celebrar una comida o una cena con un grupo de amigos. Cu\u00e9ntanos la idea que tienes en mente y seguro que podremos ayudarte.<\/span><\/p>\n<p><a href=\"https:\/\/www.bingocasteloreal.es\/wp-content\/uploads\/2021\/12\/COPERO-scaled.jpg\"><img loading=\"lazy\" class=\"alignnone size-full wp-image-1557\" src=\"https:\/\/www.bingocasteloreal.es\/wp-content\/uploads\/2021\/12\/COPERO-scaled.jpg\" alt=\"\" width=\"2560\" height=\"1707\" srcset=\"https:\/\/www.bingocasteloreal.es\/wp-content\/uploads\/2021\/12\/COPERO-scaled.jpg 2560w, https:\/\/www.bingocasteloreal.es\/wp-content\/uploads\/2021\/12\/COPERO-300x200.jpg 300w, https:\/\/www.bingocasteloreal.es\/wp-content\/uploads\/2021\/12\/COPERO-1024x683.jpg 1024w, https:\/\/www.bingocasteloreal.es\/wp-content\/uploads\/2021\/12\/COPERO-768x512.jpg 768w, https:\/\/www.bingocasteloreal.es\/wp-content\/uploads\/2021\/12\/COPERO-1536x1024.jpg 1536w, https:\/\/www.bingocasteloreal.es\/wp-content\/uploads\/2021\/12\/COPERO-2048x1365.jpg 2048w\" sizes=\"(max-width: 2560px) 100vw, 2560px\" \/><\/a><\/p>\n<p><span style=\"color: #993300;\"><strong>EVENTOS CORPORATIVOS<\/strong><\/span><\/p>\n<p><span style=\"color: #ff9900;\"><strong>Presentaci\u00f3n de Productos<\/strong><\/span><\/p>\n<p><span style=\"color: #ff9900;\">Presentaci\u00f3n de productos, desde cualquier producto peque\u00f1o de consumo hasta cualquier otro que se os pueda ocurrir. \u00bfTienes una tienda de bicicletas y te apetece mostrar toda la gama en nuestras instalaciones? \u00bfTienes un concesionario de motocicletas y quieres que los clientes puedan verlas en un sitio distinto al que est\u00e1n acostumbrados?<\/span><\/p>\n<p><span style=\"color: #ff9900;\"><strong>Jornadas de Formaci\u00f3n<\/strong><\/span><\/p>\n<p><span style=\"color: #ff9900;\">Si buscas un lugar diferente para dar la formaci\u00f3n a tus empleados, puedes contar con nuestras instalaciones. Un lugar distendido, fuera del rigor de las oficinas y centros de negocios. Adem\u00e1s si la jornada es maratoniana podr\u00e1s empezar por la ma\u00f1ana, comer en nuestras instalaciones y continuar por la tarde.<\/span><\/p>\n<p><span style=\"color: #ff9900;\"><strong>Jubilaciones del Personal<\/strong><\/span><\/p>\n<p><span style=\"color: #ff9900;\">\u00bfTen\u00e9is un compa\u00f1ero de trabajo que se va a jubilar? Lo justo despu\u00e9s de tantos a\u00f1os de dedicaci\u00f3n a la empresa y de compa\u00f1erismo, es hacerle un homenaje por todo lo alto.<\/span><\/p>\n<p><span style=\"color: #993300;\"><b>GAMING AREA<\/b><\/span><\/p>\n<p><span style=\"color: #ff9900;\">Si est\u00e1is dispuestos a vivir nuevas experiencias, hay que salir de casa, ya que estamos preparando una zona espec\u00edfica para que pod\u00e1is jugar todos juntos.<\/span><\/p>\n<p><strong><span style=\"color: #ff9900;\">M\u00e1quinas de dardos<\/span><\/strong><\/p>\n<p><span style=\"color: #ff9900;\">Disponemos de las famosas dianas Radikal Darts, la diana electr\u00f3nica online m\u00e1s avanzada que existe.<\/span><\/p>\n<p><span style=\"color: #ff9900;\">Con las m\u00e1quinas de <span style=\"color: #ff9900;\">Radikal Darts<\/span> podr\u00e9is jugar y competir utilizando los sistemas virtuales y en l\u00ednea, que ofrecen a los\u00a0<span style=\"caret-color: #ff9900;\">jugadores<\/span>\u00a0un nuevo universo de posibilidades infinitas de diversi\u00f3n.<\/span><\/p>\n<p><strong><a style=\"color: #ff9900;\" href=\"http:\/\/www.bingocasteloreal.es\/wp-content\/uploads\/2018\/12\/48415907_611345615968121_7890145533124149248_n.jpg\"><br \/>\n<img loading=\"lazy\" class=\"aligncenter size-full wp-image-1098\" src=\"http:\/\/www.bingocasteloreal.es\/wp-content\/uploads\/2018\/12\/48415907_611345615968121_7890145533124149248_n.jpg\" alt=\"\" width=\"730\" height=\"720\" srcset=\"https:\/\/www.bingocasteloreal.es\/wp-content\/uploads\/2018\/12\/48415907_611345615968121_7890145533124149248_n.jpg 730w, https:\/\/www.bingocasteloreal.es\/wp-content\/uploads\/2018\/12\/48415907_611345615968121_7890145533124149248_n-300x296.jpg 300w\" sizes=\"(max-width: 730px) 100vw, 730px\" \/><\/a><\/strong><\/p>\n<p><span style=\"color: #ff9900;\">Radikal Darts Touch es una m\u00e1quina de dardos profesional electr\u00f3nica de punta blanda en l\u00ednea con c\u00e1maras digitales, medici\u00f3n l\u00e1ser de distancia para controlar y medir la distancia de tiro y sensores para una experiencia emocionante. <\/span><\/p>\n<p><span style=\"color: #ff9900;\">Puedes elegir jugar Off Line o On Line en tiempo real y ver a tus oponentes en la pantalla TFT de 19&#8243; avanzada, sus lanzamientos y puntuaciones. Radikal Darts permite la validaci\u00f3n remota de cada juego por un \u00e1rbitro, lo que hace posible organizar campeonatos en los que los jugadores pueden jugar en cualquier momento y en cualquier lugar.<\/span><\/p>\n<p><strong><span style=\"color: #ff9900;\">M\u00e1quinas de Pinball<\/span><\/strong><\/p>\n<p><span style=\"color: #ff9900;\">Ya tenemos la cl\u00e1sica de las recreativas que se ha convertido en un objeto de la cultura pop, que ya no se encuentra en los bares tradicionales. Un juego que no ha pasado de moda para los m\u00e1s nost\u00e1lgicos.<\/span><\/p>\n<p><a href=\"http:\/\/www.bingocasteloreal.es\/wp-content\/uploads\/2018\/12\/Judge-dreed-visual-pinball-10-backglass.png\"><img loading=\"lazy\" class=\"aligncenter size-full wp-image-1139\" src=\"http:\/\/www.bingocasteloreal.es\/wp-content\/uploads\/2018\/12\/Judge-dreed-visual-pinball-10-backglass.png\" alt=\"\" width=\"1920\" height=\"1080\" srcset=\"https:\/\/www.bingocasteloreal.es\/wp-content\/uploads\/2018\/12\/Judge-dreed-visual-pinball-10-backglass.png 1920w, https:\/\/www.bingocasteloreal.es\/wp-content\/uploads\/2018\/12\/Judge-dreed-visual-pinball-10-backglass-300x169.png 300w, https:\/\/www.bingocasteloreal.es\/wp-content\/uploads\/2018\/12\/Judge-dreed-visual-pinball-10-backglass-768x432.png 768w, https:\/\/www.bingocasteloreal.es\/wp-content\/uploads\/2018\/12\/Judge-dreed-visual-pinball-10-backglass-1024x576.png 1024w\" sizes=\"(max-width: 1920px) 100vw, 1920px\" \/><\/a><\/p>\n<p><span style=\"color: #ff9900;\">Judge Dredd es un juego de pinball para cuatro jugadores producido por Bally Manufacturing en 1993, basado en el comic brit\u00e1nico Judge Dredd, de gran popularidad en la d\u00e9cada de los 90. La m\u00e1quina incluye un modelo rotativo de Deadworld que puede capturar la pelota, y una mec\u00e1nica de juego \u00fanica llamada \u00abSuperGame\u00bb, con 4 modos \u00fanicos, una exclusiva pelota m\u00faltiple de 6 bolas y un Super Shot de 100 millones disponible dentro de este \u00faltimo.<\/span><\/p>\n<p><strong><span style=\"color: #993300;\">CAMPEONATOS<\/span><\/strong><\/p>\n<p><strong><span style=\"color: #ff9900;\">Campeonatos de Tute y Mus<\/span><\/strong><\/p>\n<p><span style=\"color: #ff9900;\">Congregamos un buen n\u00famero de parejas que por el sistema de liguilla juegan a nuestros torneos de cartas.<\/span><a href=\"http:\/\/www.bingocasteloreal.es\/wp-content\/uploads\/2019\/12\/Unknown.jpg\"><br \/>\n<\/a><\/p>\n<p><span style=\"color: #ff9900;\">Tute: todos los viernes a partir de las 23:00 h.<\/span><\/p>\n<p><span style=\"color: #ff9900;\">Mus: todos los lunes a partir de las 20:30 h.<\/span><\/p>\n<p><span style=\"color: #ff9900;\"><strong>Campeonatos de dardos<\/strong><\/span><\/p>\n<p><span style=\"color: #ff9900;\">Puedes formar parte del Club de Dardos Sports Bar Castelo Real, uni\u00e9ndote a participar en todos nuestros campeonatos.<\/span><\/p>\n<p><span style=\"color: #ff9900;\">En Sports Bar Castelo Real organizamos los mejores campeonatos presenciales, con torneos individuales, parejas y equipos.\u00a0<\/span><\/p>\n<p><strong>Animaci\u00f3n y entretenimiento<\/strong><\/p>\n<p>Escenario para discursos, fotos de grupo y entrega de regalos y premios.<\/p>\n<p>M\u00faltiples pantallas gigantes de televisi\u00f3n con tecnolog\u00eda Full HD.<\/p>\n<p>Proyectores para videos corporativos.<\/p>\n<p>Medios audiovisuales.<\/p>\n<p><strong>Servicios disponibles<\/strong><\/p>\n<p>Prensa diaria (Voz de Galicia, Faro de Vigo, Atl\u00e1ntico, y Marca).<\/p>\n<p>Ba\u00f1os adaptados para minusv\u00e1lidos.<\/p>\n<p>Acceso directo a nivel de calle.<\/p>\n<p>Iluminaci\u00f3n diurna y nocturna.<\/p>\n<p>Aparcamiento exterior gratuito.<\/p>\n<p>Aire acondicionado.<\/p>\n<p>Petici\u00f3n de taxis.<\/p>\n<p>Wi-Fi gratuito.<\/p>\n<p><strong>Servicios complementarios<\/strong><\/p>\n<p>Decoraci\u00f3n personalizada.<\/p>\n<p>Vigilantes de seguridad.<\/p>\n<p>Fot\u00f3grafo.<\/p>\n<p>Azafatas.<\/p>\n<p><strong>Servicios cercanos<\/strong><\/p>\n<p>Hotel Coia***, Hotel NH Hesperia****, Hotel Pazo Los Escudos*****<\/p>\n<p>Parada de autob\u00fas cercana con conexiones a toda la ciudad.<\/p>\n<p><strong>Gastronom\u00eda<\/strong><\/p>\n<p>Servicio de comidas y bebidas.<\/p>\n<p><strong>Reservas<\/strong><\/p>\n<p>Es necesario realizar reserva para tus eventos deportivos, sociales y corporativos.<\/p>\n<p><strong>Legislaci\u00f3n<\/strong><\/p>\n<p>Prohibida la venta de alcohol y tabaco a menores de edad.<\/p>\n<p>Prohibida la entrada de animales dom\u00e9sticos.<\/p>\n<p><strong>Horario<br \/>\n<\/strong><\/p>\n<p>De lunes a s\u00e1bado de 08:00 a 01:00 h<\/p>\n<p>Domingos y festivos de 09:00 \u00a0a 01:00 h<\/p>\n","protected":false},"excerpt":{"rendered":"<p>Un lugar de encuentro con 400 m2 para disfrutar de experiencias memorables, de forma creativa, con grandes dosis de emoci\u00f3n y diversi\u00f3n. Descubre nuestro Sports Bar a trav\u00e9s de nuestras retransmisiones deportivas, eventos deportivos, eventos sociales, eventos empresariales y una novedosa Gaming Area. Adem\u00e1s contamos con una gastronom\u00eda elaborada a tu gusto. GASTRONOM\u00cdA Puedes disfrutar &hellip; <a href=\"https:\/\/www.bingocasteloreal.es\/?page_id=1038\" class=\"more-link\">Seguir leyendo <span class=\"screen-reader-text\">SPORTS BAR<\/span> <span class=\"meta-nav\">&rarr;<\/span><\/a><\/p>\n","protected":false},"author":1,"featured_media":0,"parent":0,"menu_order":0,"comment_status":"closed","ping_status":"closed","template":"","meta":[],"_links":{"self":[{"href":"https:\/\/www.bingocasteloreal.es\/index.php?rest_route=\/wp\/v2\/pages\/1038"}],"collection":[{"href":"https:\/\/www.bingocasteloreal.es\/index.php?rest_route=\/wp\/v2\/pages"}],"about":[{"href":"https:\/\/www.bingocasteloreal.es\/index.php?rest_route=\/wp\/v2\/types\/page"}],"author":[{"embeddable":true,"href":"https:\/\/www.bingocasteloreal.es\/index.php?rest_route=\/wp\/v2\/users\/1"}],"replies":[{"embeddable":true,"href":"https:\/\/www.bingocasteloreal.es\/index.php?rest_route=%2Fwp%2Fv2%2Fcomments&post=1038"}],"version-history":[{"count":74,"href":"https:\/\/www.bingocasteloreal.es\/index.php?rest_route=\/wp\/v2\/pages\/1038\/revisions"}],"predecessor-version":[{"id":1853,"href":"https:\/\/www.bingocasteloreal.es\/index.php?rest_route=\/wp\/v2\/pages\/1038\/revisions\/1853"}],"wp:attachment":[{"href":"https:\/\/www.bingocasteloreal.es\/index.php?rest_route=%2Fwp%2Fv2%2Fmedia&parent=1038"}],"curies":[{"name":"wp","href":"https:\/\/api.w.org\/{rel}","templated":true}]}}